s(g). Calculate l(-7).
14
Let q be -3*1/(-6)*0. Let b(p) be the first derivative of -10*p + 0*p**2 + 8 - 1/3*p**3. What is b(q)?
-10
Suppose -3*s + 0 = -6. Let i(k) = -5*k + 0*k**2 + 5 - k**2 + s + 0*k**2. What is i(-7)?
-7
Let a(f) = -f**2 + 11*f - 16. Let v be ((-22)/6 + 2)/(2/(-12)). Calculate a(v).
-6
Let d = -6 + 9. Let l(u) = 117*u**d + 3*u - 16 - 4*u - 118*u**3. What is l(0)?
-16
Let d be -1*(-15)/(6/(-2)). Let c = d + -4. Let o = c - -10. Let y(b) = -2*b. Give y(o).
-2
Let o(q) = -q**3 - 2*q**2 - 11*q + 12. Let g be o(1). Let t(k) = 12*k**2 + 3*k + 1. Give t(g).
43
Let u(f) = f. Let q(w) = -w - 6. Let m(c) = c - 1. Let j(b) = -6*m(b) + q(b). Let z(i) = 2*j(i) + 18*u(i). Give z(1).
4
Let r = 152 - 156. Suppose -2*l - 5*i + 0 = -2, -5*i = 5*l - 5. Let g(u) = -5*u**3 + 0*u - l - 6*u - 6*u**2 + 4*u**3. What is g(r)?
-9
Let w be (5 - 1)*(-3)/(-3). Let v(b) = -7 + w*b - 10*b + 6 - b**3. Let i(k) = -2*k**3 + k**2 - 13*k - 1. Let o(s) = -6*i(s) + 13*v(s). Determine o(-6).
-7
Let t(v) = v**3 + 3*v**2 - 3*v + 3. Let w = -7 + 25. Suppose -w = 2*j - 5*f - 0, f = 3*j + 14. Let o be t(j). Let m(y) = 3*y**3 + y**2. Calculate m(o).
-2
Let t(a) = a**3 - 7*a**2 + 7*a - 4. Let i = -53 - -55. Suppose 6*d - w - 19 = 2*d, 2*w = i. Calculate t(d).
-19
Let v(l) = -5*l**3 + 3*l**2 + 0 + 10 - 12*l - 4. Let z(q) = q**3 - q**2 + q. Let c(h) = -v(h) - 6*z(h). Let m be c(4). Let g(n) = 6*n + 1. Determine g(m).
13
Suppose 0 = -4*q + 5*z - 17, 4*q + 0*z = 2*z - 14. Let u(b) = -2*b + 10. Let n(l) = -l + 1. Let r(m) = 3*n(m) - u(m). Give r(q).
-4
Let g(k) = -10*k - 72. Let h be g(-7). Let x(z) = -3*z**2 - 2*z. Determine x(h).
-8
Let g(i) = -4*i + 7. Let v(u) be the second derivative of -u**3/6 + u**2 - 28*u. Let h(k) = -2*g(k) + 9*v(k). What is h(3)?
1
Let l = -24 + 23. Let g(n) = 12*n**2 + n + 96 - 96. Determine g(l).
11
Let h(m) be the first derivative of -m**4/12 + 5*m**3/6 - 3*m**2/2 - 22*m + 9. Let y(d) be the first derivative of h(d). Determine y(5).
-3
Let x = -39 - -21. Let q(f) = f**3 + 18*f**2 + f + 24. Let u be q(x). Let m(a) be the third derivative of -a**4/24 - 2*a**3/3 + 2*a**2. What is m(u)?
-10
Let u(j) be the third derivative of -j**6/720 - 11*j**5/120 + 11*j**4/12 + 9*j**2. Let x(t) be the second derivative of u(t). What is x(-8)?
-3
Let b(s) = s**3 + 7*s**2 + 6*s + 3. Let m = -147 - -90. Let a = m - -51. Determine b(a).
3
Suppose -11*p - 1 = -12*p. Let l be (2*2)/p + 60/(-20). Let x(q) = q**2 + q - 1. Let i(a) = -7*a**2 - 7*a + 7. Let j(v) = i(v) + 6*x(v). Calculate j(l).
-1
Let h(a) = a**2 - 12*a - 18. Let o(r) = r**2 - 12*r - 19. Let f(s) = -6*h(s) + 5*o(s). Calculate f(13).
0
Let l = -1 - 2. Let r(f) be the second derivative of f**5/40 + f**4/12 - 10*f**3/3 - 15*f. Let p(d) be the second derivative of r(d). What is p(l)?
-7
Let a be 115/(-3) - 2/(-6). Let n be (0 - 4/8)*a. Let g = 26 - n. Let o(v) = v**2 - 7*v + 3. Determine o(g).
3
Let t(l) = -90*l - l**2 - 2 - 103*l + 184*l. Calculate t(-6).
16
Let d(k) = -k - 2*k + 184 - 186 - 6*k**2 + 4*k**2. What is d(-3)?
-11
Let f(m) = 21*m + 42. Let c(z) = -7*z - 15. Let p(l) = -11*c(l) - 4*f(l). Calculate p(-3).
18
Let r(k) = -167*k**2 - 2*k + 163*k**2 - 12*k - 4. Let o be r(-3). Let f(z) = 3*z**2 - 3*z + 2. Calculate f(o).
8
Let g(h) = -h**3 + h + 10*h**2 + 8*h**2 - 8 + 2 - 13*h**2. Let x = -8 - -5. Let p = x - -8. Calculate g(p).
-1
Let l(f) = -f**2 + 5*f - 2. Let b = 0 - -2. Let y be (b + -1)*(-2 - -5). Suppose y*j - 14 = -0*j - 2*q, j + 3*q - 14 = 0. Give l(j).
4
Let z(c) = -c - 2. Let a(h) = 2*h**2 + h + 1. Let j = 2 - 3. Let s be a(j). Let d be (4 + s)/(0 - 2). What is z(d)?
1
Let p(n) = 3*n - 1. Let k be (-4 + 2)*4/8. Let m be k/2*-8 + 2. Suppose 12 = -3*b + m. Determine p(b).
-7
Let j be (-5)/(150/20) + 14/(-6). Let k(g) = -g**3 - 5*g**2 - 6*g - 7. Give k(j).
-7
Let m(w) = 2*w + 1 + 0 - 3*w. Let n be m(-3). Let y(i) = -i**3 + i**2 + i - 1. Let q(z) = -4*z**3 + 7*z**2 + 2*z - 3. Let v(o) = q(o) - 3*y(o). Calculate v(n).
-4
Let c(s) be the third derivative of s**6/120 - s**5/20 + s**4/24 + s**3/6 + 266*s**2 + s. Calculate c(2).
-1
Let t(s) = -14*s**2 - s - 1. Let f be (26/(-39) - (-8)/3) + -3. Calculate t(f).
-14
Let i(l) = -l**2 + 5*l - 9. Suppose -n + 5*u - 1 - 2 = 0, 5*n + 5*u = -75. Let s = -7 - n. Determine i(s).
-15
Suppose 0 = 3*o - 4*o + 3. Let f(t) be the first derivative of 0*t**2 + 2*t - 1/3*t**3 - 2. Give f(o).
-7
Let x(u) = u**2 - 7*u + 4 + 20*u - 4*u. Determine x(-7).
-10
Suppose -2*a + 26 = 3*h - 7*a, 0 = -h + a + 8. Let r(t) = 3 + 2 - 4 + t**2 + h*t. Suppose 59 = -4*b - 8*l + 91, -37 = 5*b - l. Give r(b).
-5
Let d(h) = -5*h**2 - 2*h - 5 + 8*h**2 - 15*h**2 + 10*h**2 + h**2 + h**3. Calculate d(2).
-5
Let w(d) = -35 + 3545*d**2 + 35 - 3549*d**2 + d. Let a be (-1)/1*(0 - -1). Calculate w(a).
-5
Let g(s) be the second derivative of s**4/12 + s**3 + 9*s**2/2 - 58*s + 2. What is g(-6)?
9
Let u(v) = 8*v**3 + v**2. Let f(w) = 11*w - 19*w - 4*w**2 + 4*w - w**3 - 2. Let c be f(-3). Calculate u(c).
9
Suppose b - 18 + 3 = 0. Let y be (-2)/1 + (4 - b). Let p = 14 + y. Let u(v) = -4*v**2 + 2*v - 1. Give u(p).
-3
Let j be 5/(-1*(-30)/(-72)) - -10. Let b(r) be the third derivative of -r**4/24 - r**3/6 - r**2. Let n(o) = 1. Let p(d) = -7*b(d) - 6*n(d). Calculate p(j).
-13
Suppose -2*y + 1 = 4*m - 7, 5*m = 3*y - 1. Let o(q) be the second derivative of -1/2*q**2 + 0 - y*q + 5/12*q**4 + 0*q**3. Calculate o(1).
4
Let g(h) = 0 + 26*h - 25*h + 3 - 1. Let v(w) = -w - 5. Let x be v(-6). Let f(k) = -k + 1. Let m(n) = x*g(n) + 2*f(n). Give m(-5).
9
Let m(j) = 9 - j + 7 + 2*j. Suppose z = 5*g - 4, -43*g - 3*z = -39*g + 12. Determine m(g).
16
Let c be (-76)/(-18) + 16/(-72). Suppose 2 = -c*m + i - 4, 4*i = 4*m + 12. Let z(v) = 6*v**3 - v. Let x be z(m). Let y(n) = -n**2 - 6*n + 3. Give y(x).
8
Let g(o) = 7*o + 32. Let h be g(-5). Let n be -2 + h + 0 + -2. Let k(i) = -i**2 - 6*i + 4. What is k(n)?
-3
Let c(f) = f**3 - 12*f**2 + f - 3. Suppose 0 = 36*w - 0*w - 432. Give c(w).
9
Let g(x) = 2*x**2 + 6*x - 9*x**2 - 5 + 8*x**2. What is g(-5)?
-10
Let l(j) be the second derivative of j**4/12 + 5*j**3/2 + 5*j**2/2 - 23*j + 4. Calculate l(-13).
-21
Let x(c) = c**2 + 8*c - 49. Let w be x(4). Let k(d) = -12*d**3 - 2*d**2 - 2*d - 1. Calculate k(w).
11
Let u(b) = 8*b**2 + 3*b - 4. Let y = -3 - -8. Let l(x) = -x**2 - x + 1. Let k(f) = y*l(f) + u(f). Give k(1).
2
Let s(l) = 14*l. Suppose -126 = -9*f - 144. Calculate s(f).
-28
Let t(f) = -f**3 + f**2 + 29*f - 38. Let u be t(5). Let a(b) be the third derivative of -b**5/60 + 3*b**4/8 - 5*b**3/6 + b**2. Give a(u).
9
Let x(t) = t**3 - 3*t**2 - 4*t + 1. Let g be ((-40)/(-12))/((-4)/(-6)). Suppose 4*p + 12 = -b, 11 = b + g*p + 28. Let h = -4 + b. Give x(h).
1
Let a be (20/25)/((4/20)/(-1)). Let l(s) = s**2 + 3*s - 4. Calculate l(a).
0
Let j(a) be the second derivative of -11*a**3/6 + a**2 - 2*a + 19. What is j(3)?
-31
Let h(g) = g**3 + 2*g**2 - g - 1. Let t = -6 + 18. Suppose -3*u - t = u. Give h(u).
-7
Let j(s) = -s**3 - 6*s**2 - 5. Let h = -86 - -88. Let d be 0 - ((-32)/(-4) - h). Calculate j(d).
-5
Let r(b) be the first derivative of -2*b**2 - 3 + 1/4*b**4 - b - 4/3*b**3. Let o = 56 - 51. Give r(o).
4
Let x = -42 + 43. Let p(o) = -1. Let t(z) = z. Let s(n) = -p(n) - 5*t(n). Determine s(x).
-4
Let o be -2 + -1 + 1 + -1. Let p(m) be the first derivative of m - 1/2*m**2 + 3. What is p(o)?
4
Let j(t) be the second derivative of t**3/6 + 13*t**2/2 - 244*t. Give j(-8).
5
Let t(b) = b**2 - b - 1. Let d(q) = -6*q**2 + 4*q + 2. Let s(y) = -d(y) - 3*t(y). Let c(m) be the first derivative of s(m). Let r = 4 - 3. What is c(r)?
5
Let a(g) = -14*g - 41 - g**2 + 17 + 3*g + 11. Determine a(-9).
5
Let z be (-4)/(-6) + 56/(-12) + 5. Let g(j) = -2*j - 6. Let c be g(-4). Let v(d) = 1 - 4*d**3 - c*d**3 + 4*d - 5*d. Give v(z).
-6
Let g(u) = u + 1 + 421*u**2 - 423*u**2 - 2 - 2*u**3 + 2 + u**3. Give g(-4).
29
Let f(t) = 2*t**2 - 5. Let j be f(-4). Let a(l) = -j + 7*l**2 - 3*l**3 + 10*l + l**3 + 36 + 3*l**3. What is a(-6)?
-15
Let z be (3/(27/24))/(36/54). Let x(v) = -8*v + 3. Determine x(z).
-29
Suppose 5*c + 0*v - 89 = -3*v, 0 = -4*c - 2*v + 72. Let p = -18 + c. Let k be (12 + 0)/4 - p. Let f(b) = -b + 2. Calculate f(k).
0
Let m(o) be the second derivative of -2/3*o**3 + 7/2*o**2 + 0 - 1/12*o**4 + 